{"id":2899,"date":"2022-05-17T00:21:11","date_gmt":"2022-05-17T00:21:11","guid":{"rendered":"https:\/\/www.vrtic-veseli-kutak.hr\/nova\/?page_id=2899"},"modified":"2023-02-01T11:15:00","modified_gmt":"2023-02-01T11:15:00","slug":"korisni-linkovi","status":"publish","type":"page","link":"https:\/\/www.vrtic-veseli-kutak.hr\/nova\/korisni-linkovi\/","title":{"rendered":"Korisni linkovi"},"content":{"rendered":"\n<p><a href=\"http:\/\/public.mzos.hr\/Default.aspx?sec=3641\">MZOS \u2013 rani i pred\u0161kolski odgoj i obrazovanje<\/a><\/p>\n\n\n\n<hr class=\"wp-block-separator has-css-opacity\"\/>\n\n\n\n<p><a href=\"http:\/\/www.azoo.hr\/\">Agencija za odgoj i obrazovanje<\/a><\/p>\n\n\n\n<hr class=\"wp-block-separator has-css-opacity\"\/>\n\n\n\n<p><a href=\"https:\/\/www.zakon.hr\/z\/492\/Zakon-o-pred%C5%A1kolskom-odgoju-i-obrazovanju\">Zakon o pred\u0161kolskom odgoju i obrazovanju<\/a><\/p>\n\n\n\n<hr class=\"wp-block-separator has-css-opacity\"\/>\n\n\n\n<p><a href=\"http:\/\/narodne-novine.nn.hr\/clanci\/sluzbeni\/2008_06_63_2128.html\">Dr\u017eavni pedago\u0161ki standard pred\u0161kolskog odgoja i naobrazbe (NN 63\/08 i 90\/2010)<\/a><\/p>\n\n\n\n<hr class=\"wp-block-separator has-css-opacity\"\/>\n\n\n\n<p><a href=\"http:\/\/public.mzos.hr\/Default.aspx?art=13571\">Nacionalni kurikulum za rani i pred\u0161kolski odgoj i obrazovanje (NN 5\/2015)<\/a><\/p>\n\n\n\n<hr class=\"wp-block-separator has-css-opacity\"\/>\n\n\n\n<p><a href=\"http:\/\/narodne-novine.nn.hr\/clanci\/sluzbeni\/2014_09_107_2081.html\">Pravilnik o sadr\u017eaju i trajanju programa pred\u0161kole (NN 107\/2014)<\/a><\/p>\n","protected":false},"excerpt":{"rendered":"<p>MZOS \u2013 rani i pred\u0161kolski odgoj i obrazovanje Agencija za odgoj i obrazovanje Zakon o pred\u0161kolskom odgoju i obrazovanju Dr\u017eavni pedago\u0161ki standard pred\u0161kolskog odgoja i naobrazbe (NN 63\/08 i 90\/2010) Nacionalni kurikulum za rani i pred\u0161kolski odgoj i obrazovanje (NN 5\/2015) Pravilnik o sadr\u017eaju i trajanju programa pred\u0161kole (NN 107\/2014)<\/p>\n","protected":false},"author":1,"featured_media":0,"parent":0,"menu_order":0,"comment_status":"closed","ping_status":"closed","template":"","meta":{"footnotes":""},"class_list":["post-2899","page","type-page","status-publish","hentry"],"_links":{"self":[{"href":"https:\/\/www.vrtic-veseli-kutak.hr\/nova\/wp-json\/wp\/v2\/pages\/2899","targetHints":{"allow":["GET"]}}],"collection":[{"href":"https:\/\/www.vrtic-veseli-kutak.hr\/nova\/wp-json\/wp\/v2\/pages"}],"about":[{"href":"https:\/\/www.vrtic-veseli-kutak.hr\/nova\/wp-json\/wp\/v2\/types\/page"}],"author":[{"embeddable":true,"href":"https:\/\/www.vrtic-veseli-kutak.hr\/nova\/wp-json\/wp\/v2\/users\/1"}],"replies":[{"embeddable":true,"href":"https:\/\/www.vrtic-veseli-kutak.hr\/nova\/wp-json\/wp\/v2\/comments?post=2899"}],"version-history":[{"count":2,"href":"https:\/\/www.vrtic-veseli-kutak.hr\/nova\/wp-json\/wp\/v2\/pages\/2899\/revisions"}],"predecessor-version":[{"id":2949,"href":"https:\/\/www.vrtic-veseli-kutak.hr\/nova\/wp-json\/wp\/v2\/pages\/2899\/revisions\/2949"}],"wp:attachment":[{"href":"https:\/\/www.vrtic-veseli-kutak.hr\/nova\/wp-json\/wp\/v2\/media?parent=2899"}],"curies":[{"name":"wp","href":"https:\/\/api.w.org\/{rel}","templated":true}]}}

<p><a href="http://public.mzos.hr/Default.aspx?sec=3641">MZOS – rani i predškolski odgoj i obrazovanje</a></p>



<hr class="wp-block-separator has-css-opacity"/>



<p><a href="http://www.azoo.hr/">Agencija za odgoj i obrazovanje</a></p>



<hr class="wp-block-separator has-css-opacity"/>



<p><a href="https://www.zakon.hr/z/492/Zakon-o-pred%C5%A1kolskom-odgoju-i-obrazovanju">Zakon o predškolskom odgoju i obrazovanju</a></p>



<hr class="wp-block-separator has-css-opacity"/>



<p><a href="http://narodne-novine.nn.hr/clanci/sluzbeni/2008_06_63_2128.html">Državni pedagoški standard predškolskog odgoja i naobrazbe (NN 63/08 i 90/2010)</a></p>



<hr class="wp-block-separator has-css-opacity"/>



<p><a href="http://public.mzos.hr/Default.aspx?art=13571">Nacionalni kurikulum za rani i predškolski odgoj i obrazovanje (NN 5/2015)</a></p>



<hr class="wp-block-separator has-css-opacity"/>



<p><a href="http://narodne-novine.nn.hr/clanci/sluzbeni/2014_09_107_2081.html">Pravilnik o sadržaju i trajanju programa predškole (NN 107/2014)</a></p>

<p>MZOS – rani i predškolski odgoj i obrazovanje Agencija za odgoj i obrazovanje Zakon o predškolskom odgoju i obrazovanju Državni pedagoški standard predškolskog odgoja i naobrazbe (NN 63/08 i 90/2010) Nacionalni kurikulum za rani i predškolski odgoj i obrazovanje (NN 5/2015) Pravilnik o sadržaju i trajanju programa predškole (NN 107/2014)</p>
